
Let z = 2137 - 2102. Calculate the greatest common divisor of z and 175.
35
Let y = 6 + -4. Suppose 2*n - 40 = y*w - 0*w, 5*n + 5*w - 80 = 0. What is the greatest common divisor of 9 and n?
9
Let s(f) = -10*f - 16. Let g be s(-16). What is the highest common factor of 324 and g?
36
Let h = -156 + 166. Suppose 4*y = h*y - 456. Calculate the greatest common divisor of 19 and y.
19
Let b be (3 + 318/(-30))/(4/(-10)). Let h = b + 49. Calculate the highest common factor of h and 17.
17
Let h = 31 + -28. Suppose h*t + 32 = u + 4*t, -5*u + 4*t = -187. Let a = 26 + -12. Calculate the highest common factor of a and u.
7
Let y = -1296 + 1346. What is the greatest common divisor of 170 and y?
10
Suppose 25 = 2*b - 3*j, 0 = 5*b - 3*j - 65 + 16. Calculate the highest common divisor of b and 28.
4
Let y(v) = 6*v + 8. Let o be y(5). Suppose -o = -2*z + 4. Let i be 4/(80/3785) - (-1)/(-4). What is the highest common factor of z and i?
21
Suppose 4 = 8*t - 12. Let v(q) = -2*q + 26. Let w be v(8). What is the highest common divisor of w and t?
2
Let g(i) = i**2 + 11*i + 10. Let q be g(-7). Let j be (-2)/(-2 - q/10). Suppose m - 62 - 48 = 0. What is the greatest common factor of m and j?
10
Suppose 4*l + 4*o - o = 17, -3*l = o - 14. Suppose l*s - 80 = s. Calculate the highest common factor of 8 and s.
4
Let l be (240/(-5))/((-15)/110). Calculate the highest common divisor of l and 22.
22
Suppose 2*s = 7*s + 5*x - 35, -x + 23 = 5*s. Suppose 0 = -g - 0*g + 3. What is the greatest common factor of s and g?
1
Suppose -14*b + 12*b + 46 = 0. Calculate the highest common divisor of b and 23.
23
Suppose 184 = -f - f + 4*a, 4*f = 5*a - 359. Let d = f + 146. Let l(u) = -7*u - 2. Let z be l(-2). What is the greatest common divisor of z and d?
12
Let d = -35 - -40. Suppose 0 = -d*j + 250 - 10. Calculate the greatest common divisor of 32 and j.
16
Let o(p) = p**3 - 2*p**2 + 21*p + 12. Let q be o(9). Calculate the greatest common factor of q and 144.
48
Suppose -6 = 4*u - p, -18 = 5*u - 0*u + 4*p. Let m = 4 + u. Let z(x) = -2*x**2 - 18*x + 18. Let g be z(-9). What is the highest common factor of m and g?
2
Let s(u) be the first derivative of u**4/4 - 13*u**3/3 - 6*u**2 - 20. Let r be s(14). Let g = 8 - 4. What is the greatest common divisor of r and g?
4
Let n be (-3 - (-60)/18)*62*3. What is the highest common factor of 8 and n?
2
Let u = 72 - -8. Let t = 31 + -26. Suppose t*b - 9*b = -80. Calculate the greatest common divisor of b and u.
20
Suppose 4*v + 120 = 3*x, x - 2*v = -v + 40. What is the greatest common divisor of x and 320?
40
Let g be 1 - (9 - 8)*-8. What is the highest common divisor of g and 13?
1
Suppose -3*y = -18*y + 855. Calculate the highest common divisor of 1026 and y.
57
Suppose -12*s + 68 + 268 = 0. Let x be s/7 + 2/1. Calculate the highest common divisor of 15 and x.
3
Let h(p) = -3*p**3 + 2*p**2 - p - 2. Let y be h(-1). Suppose 2*u + 3*c - 60 = 0, c - 62 = -y*u + 58. Calculate the highest common factor of u and 45.
15
Let x be (2 - 17)*96/(-9). Let a(d) = d**3 - 15*d**2 + 27*d - 3. Let p be a(13). What is the greatest common factor of x and p?
10
Suppose 1 = -3*n + 10. Suppose 0 = -3*f + 4*d + 314 + 154, n*f - 450 = -2*d. Suppose -3*m + 28 + f = 0. Calculate the greatest common factor of m and 24.
12
Let y = 246 + -188. What is the greatest common factor of y and 464?
58
Let m(n) = -4*n + 363. Let y be m(84). What is the highest common factor of 2160 and y?
27
Let x be (-8)/2*(15/(-10))/3. Suppose -x*o + 23 = -b, 35 = 3*o + 2*o + 2*b. What is the highest common divisor of 72 and o?
9
Suppose -74*o - 18550 = -180*o. Calculate the greatest common factor of o and 49.
7
Suppose 24*j + 3 = 51. What is the highest common factor of 14 and j?
2
Let b(x) = -x**3 - 17*x**2 - 15*x + 19. Let r be b(-16). Let q be (8/6)/((-1)/r). Let n be (5 - 2)*(-4)/q. Calculate the greatest common factor of n and 9.
3
Let x(w) = -3*w. Let j be x(-12). Let m(y) = -y**2 + 38*y - 30. Let h be m(32). Calculate the highest common factor of j and h.
18
Let f(j) be the first derivative of -3*j**2 - 38*j - 16. Let n be f(-17). Calculate the greatest common factor of n and 32.
32
Let z(g) = g - 3. Let c be z(5). Suppose c*y - 4*b = 28, 2*y + 3*b = 15 + 20. Let r = y + -3. Calculate the greatest common factor of r and 13.
13
Let i = -8 + 16. Suppose 3*j = 7*j + 352. Let d = -16 - j. What is the greatest common divisor of d and i?
8
Let q(v) = -6*v**3 - v**2 + 23*v + 35. Let k be q(-6). What is the highest common factor of k and 26?
13
Suppose 4*x + 28 = 21*r - 19*r, x = 2*r - 40. Let c be (-48 + 2)/(-1) - 2. What is the highest common divisor of r and c?
22
Let m = 954 - 926. Calculate the greatest common factor of 224 and m.
28
Let x be (-1 + 9)*(-42)/(-7). Let b = -25 + x. Let t = b - 9. What is the greatest common factor of 7 and t?
7
Suppose -1210 = 27*y - 11038. Calculate the greatest common factor of y and 52.
52
Let r be (((-16)/(-10))/(-2))/(5/(-875)). Let m = 179 - r. What is the highest common factor of 273 and m?
39
Suppose h - 15 = 13. Let z(y) = -2*y**3 + 97*y**2 + 47*y + 102. Let l be z(49). Calculate the highest common factor of l and h.
4
Let u(m) = -2*m - 1. Let v be u(-8). Let j(k) = -k**2 + 34*k - 277. Let x be j(20). Calculate the highest common factor of x and v.
3
Let s = -48 - -53. Suppose s*l - 36 = -l. Let o(x) = -x**3 + 9*x**2 - 9*x + 12. Let f be o(8). What is the highest common divisor of l and f?
2
Let h be 3695/10 - 1/2. Calculate the greatest common factor of 9 and h.
9
Let y(p) = 6*p**2 + 8*p - 29. Suppose -5*b + b - 3*n = -23, -21 = -4*b - n. Let t be y(b). Calculate the greatest common factor of 23 and t.
23
Suppose -2*y + 4*n = -18, -4*y + 4*n - n = -46. Let q = -16 - -8. Let s(a) = 2*a**2 + 10*a + 4. Let r be s(q). What is the greatest common factor of y and r?
13
Suppose -5*n - 4*b - 27 = 2, 2*n + 6 = 4*b. Suppose 22 = -2*m - 4*i, 5*m - 4*i + 53 = 2*m. Let w = n - m. Calculate the highest common factor of 5 and w.
5
Let i(b) = 3*b - 21. Let h be i(10). Suppose 0 = -h*k + 16 + 65. Calculate the greatest common divisor of 99 and k.
9
Suppose v = -0*h - 4*h + 26, 3*h = -4*v + 13. Let k(i) = 11*i - 27. Let b be k(h). Suppose -38 = -4*l + 2. Calculate the highest common factor of l and b.
10
Let i = 1288 - 1190. Calculate the greatest common divisor of i and 56.
14
Let c be (-12)/(-30) - 219/(-15). Suppose x = 2*z - c, 27 = 5*z + 3*x + 6. Calculate the highest common divisor of 30 and z.
6
Let u(k) be the third derivative of -k**6/60 - k**5/20 - 5*k**4/24 - 2*k**3/3 + 8*k**2. Let x be u(-2). Calculate the greatest common factor of x and 20.
10
Let r(h) = 2*h**3 - 3*h**2 + 3*h - 5. Let k be r(5). Suppose 4*p - k = 39. Suppose 0 = 9*w + 32 - 95. Calculate the greatest common factor of p and w.
7
Suppose 36*d + 128 = 100*d. What is the highest common factor of d and 13?
1
Let y = -218 - -353. Calculate the greatest common factor of 30 and y.
15
Let f be (-6)/(-15) - -1*116/10. Suppose -2*r + 4*p = -f - 0, r = p + 10. What is the greatest common divisor of r and 14?
14
Let x be 126*((-39)/9)/1. Let o be x/(-4) - 2/4. Suppose 0 = -2*z + 3*h + 22 - 0, 2*z + 4*h - 50 = 0. What is the highest common factor of z and o?
17
Let u(o) = 11*o + 9*o + 1 - 10*o + 0. Let m be u(2). What is the highest common factor of 7 and m?
7
Suppose -4*o + 8 = -2*o. Suppose -w - w = -3*m + 75, -o*m + 3*w + 100 = 0. What is the greatest common divisor of m and 10?
5
Let q(n) = 2*n**3 - 17*n**2 - 19*n. Let s be q(10). Let l be -3 + -3 + 8 - -18. What is the highest common divisor of l and s?
10
Suppose -452 = -t + 18. What is the highest common divisor of 10 and t?
10
Suppose -3*a - 5*w + 58 + 5 = 0, -19 = -a - w. What is the highest common divisor of 16 and a?
16
Let m be (-3 - -1)/((-3)/15) + 4. Calculate the greatest common divisor of 14 and m.
14
Let r be 1316/6 - (8/(-3) + 2). What is the highest common factor of 11 and r?
11
Suppose 1248 = 69*j - 30*j. Suppose w = -w + 4. Let z be -1 - -3 - -23*w. Calculate the highest common divisor of z and j.
16
Let j = 191 + -323. Suppose 5*v - 10 = -3*y + 2*y, -5*v = -4*y + 15. Let z be j/(-55)*y/2. Calculate the greatest common divisor of z and 54.
6
Let c = -64 + 64. Let d(k) = k**3 + 5 - 2*k + 8 - k**2 + 3*k. Let n be d(c). What is th